t of 2600?
6
What is the hundreds digit of 48837?
8
What is the units digit of 35880?
0
What is the thousands digit of 20583?
0
What is the tens digit of 3748?
4
What is the units digit of 9612?
2
What is the units digit of 3731?
1
What is the thousands digit of 2617?
2
What is the tens digit of 3233?
3
What is the thousands digit of 1426?
1
What is the units digit of 1354?
4
What is the hundreds digit of 381?
3
What is the ten thousands digit of 61066?
6
What is the tens digit of 6432?
3
What is the units digit of 7037?
7
What is the thousands digit of 93567?
3
What is the units digit of 28?
8
What is the units digit of 8465?
5
What is the thousands digit of 6735?
6
What is the tens digit of 953?
5
What is the hundreds digit of 1231?
2
What is the thousands digit of 47359?
7
What is the units digit of 23328?
8
What is the tens digit of 9070?
7
What is the tens digit of 216?
1
What is the units digit of 8750?
0
What is the units digit of 600?
0
What is the tens digit of 32038?
3
What is the hundreds digit of 1160?
1
What is the ten thousands digit of 64057?
6
What is the units digit of 2804?
4
What is the tens digit of 106917?
1
What is the tens digit of 1794?
9
What is the thousands digit of 1109?
1
What is the thousands digit of 2412?
2
What is the hundreds digit of 2276?
2
What is the hundreds digit of 6022?
0
What is the units digit of 45?
5
What is the units digit of 3508?
8
What is the thousands digit of 50768?
0
What is the thousands digit of 20339?
0
What is the units digit of 285?
5
What is the ten thousands digit of 88884?
8
What is the tens digit of 6786?
8
What is the tens digit of 21521?
2
What is the units digit of 158?
8
What is the units digit of 16515?
5
What is the ten thousands digit of 91063?
9
What is the units digit of 2824?
4
What is the tens digit of 1270?
7
What is the units digit of 8226?
6
What is the hundreds digit of 1060?
0
What is the hundreds digit of 21417?
4
What is the thousands digit of 42777?
2
What is the hundreds digit of 48383?
3
What is the ten thousands digit of 26713?
2
What is the tens digit of 1826?
2
What is the thousands digit of 3799?
3
What is the ten thousands digit of 19020?
1
What is the units digit of 105814?
4
What is the ten thousands digit of 126789?
2
What is the tens digit of 537?
3
What is the hundreds digit of 149?
1
What is the tens digit of 2412?
1
What is the hundreds digit of 179?
1
What is the hundreds digit of 7588?
5
What is the units digit of 814?
4
What is the units digit of 1345?
5
What is the tens digit of 6411?
1
What is the units digit of 34794?
4
What is the hundreds digit of 177749?
7
What is the hundreds digit of 19340?
3
What is the tens digit of 676?
7
What is the thousands digit of 45995?
5
What is the units digit of 1169?
9
What is the hundreds digit of 75353?
3
What is the tens digit of 37884?
8
What is the hundreds digit of 65555?
5
What is the units digit of 183133?
3
What is the units digit of 1901?
1
What is the thousands digit of 3399?
3
What is the thousands digit of 7833?
7
What is the thousands digit of 12927?
2
What is the tens digit of 729?
2
What is the tens digit of 178?
7
What is the hundreds digit of 59334?
3
What is the units digit of 21655?
5
What is the tens digit of 8419?
1
What is the thousands digit of 30291?
0
What is the hundreds digit of 17017?
0
What is the thousands digit of 1765?
1
What is the hundreds digit of 4663?
6
What is the ten thousands digit of 33163?
3
What is the hundreds digit of 4043?
0
What is the thousands digit of 13600?
3
What is the hundreds digit of 940?
9
What is the units digit of 18783?
3
What is the thousands digit of 8675?
8
What is the tens digit of 58384?
8
What is the thousands digit of 1108?
1
What is the hundreds digit of 34183?
1
What is the units digit of 7061?
1
What is the thousands digit of 41752?
1
What is the units digit of 2576?
6
What is the units digit of 514?
4
What is the tens digit of 17686?
8
What is the tens digit of 663?
6
What is the units digit of 2750?
0
What is the tens digit of 12982?
8
What is the hundreds digit of 1838?
8
What is the hundreds digit of 43431?
4
What is the thousands digit of 15938?
5
What is the tens digit of 1156?
5
What is the thousands digit of 7104?
7
What is the units digit of 318?
8
What is the thousands digit of 3436?
3
What is the hundreds digit of 25429?
4
What is the thousands digit of 27552?
7
What is the tens digit of 806?
0
What is the units digit of 1293?
3
What is the hundreds digit of 2045?
0
What is the hundreds digit of 10662?
6
What is the tens digit of 6203?
0
What is the thousands digit of 8534?
8
What is the ten thousands digit of 55018?
5
What is the units digit of 5352?
2
What is the thousands digit of 6053?
6
What is the tens digit of 26592?
9
What is the ten thousands digit of 157430?
5
What is the units digit of 6247?
7
What is the hundreds digit of 766?
7
What is the units digit of 4082?
2
What is the units digit of 6132?
2
What is the hundreds digit of 104048?
0
What is the units digit of 7340?
0
What is the units digit of 135837?
7
What is the hundreds digit of 15456?
4
What is the tens digit of 71960?
6
What is the units digit of 16355?
5
What is the thousands digit of 5356?
5
What is the hundreds digit of 2402?
4
What is the tens digit of 6773?
7
What is the units digit of 13092?
2
What is the ten thousands digit of 12772?
1
What is the hundreds digit of 540?
5
What is the hundreds digit of 951?
9
What is the units digit of 998?
8
What is the units digit of 956?
6
What is the thousands digit of 1049?
1
What is the tens digit of 414?
1
What is the tens digit of 4277?
7
What is the hundreds digit of 26557?
5
What is the units digit of 2786?
6
What is the tens digit of 159?
5
What is the hundreds digit of 168?
1
What is the tens digit of 11972?
7
What is the units digit of 756?
6
What is the thousands digit of 130376?
0
What is the units digit of 987?
7
What is the tens digit of 1463?
6
What is the units digit of 10025?
5
What is the hundreds digit of 2374?
3
What is the hundreds digit of 5637?
6
What is the units digit of 2649?
9
What is the tens digit of 1195?
9
What is the tens digit of 71445?
4
What is the hundreds digit of 1905?
9
What is the units digit of 2737?
7
What is the tens digit of 17550?
5
What is the tens digit of 29514?
1
What is the thousands digit of 2666?
2
What is the hundreds digit of 54798?
7
What is the units digit of 593?
3
What is the hundreds digit of 3123?
1
What is the hundreds digit of 1782?
7
What is the hundreds digit of 28738?
7
What is the units digit of 2083?
3
What is the hundreds digit of 3564?
5
What is the hundreds digit of 663?
6
What is the units digit of 4128?
8
What is the units digit of 13846?
6
What is the tens digit of 79291?
9
What is the ten thousands digit of 92260?
9
What is the tens digit of 64872?
7
What is the ten thousands digit of 17727?
1
What is the tens digit of 416?
1
What is the ten thousands digit of 68228?
6
What is the tens digit of 50622?
2
What is the hundreds digit of 3506?
5
What is the tens digit of 68?
6
What is the units digit of 1055?
5
What is the units digit of 262?
2
What is the thousands digit of 3885?
3
What is the units digit of 1260?
0
What is the thousands digit of 7748?
7
What is the units digit of 4025?
5
What is the tens digit of 3447?
4
What is the tens digit of 2019?
1
What is the ten thousands digit of 93606?
9
What is the ten thousands digit of 38701?
3
What is the tens digit of 664?
6
What is the units digit of 505?
5
What is the hundreds digit of 36136?
1
What is the units digit of 3747?
7
What is the thousands digit of 139232?
9
What is the ten thousands digit of 27517?
2
What is the ten thousands digit of 97982?
9
What is the thousands digit of 6589?
6
What is the hundreds digit of 80197?
1
What is the thousands digit of 39531?
9
What is the ten thousands digit of 18090?
1
What is the tens digit of 97558?
5
What is the hundreds digit of 4717?
7
What is the ten thousands digit of 13196?
1
What is the thousands digit of 1425?
1
What is the tens digit of 1108?
0
What is the tens digit of 21649?
4
What is the units digit of 1747?
7
What is the hundreds digit of 5481?
4
What is the thousands digit of 1530?
1
What is the thousands digit of 37648?
7
What is